he highest common divisor of 130982 and 10.
2
Calculate the greatest common divisor of 15694890 and 3180.
1590
What is the greatest common divisor of 26 and 1374347?
13
What is the greatest common divisor of 34 and 154258?
34
What is the greatest common factor of 223748 and 131?
131
What is the highest common divisor of 4592 and 80647?
287
What is the greatest common factor of 10 and 23605?
5
Calculate the highest common factor of 7542 and 522.
18
Calculate the highest common divisor of 630 and 104860.
70
What is the greatest common divisor of 1342 and 70598?
22
Calculate the highest common factor of 7182 and 117.
9
Calculate the greatest common factor of 80 and 118576.
16
What is the greatest common divisor of 42 and 55797?
21
Calculate the greatest common factor of 982492 and 14.
14
Calculate the highest common factor of 2342081 and 2666.
1333
Calculate the highest common factor of 48832 and 448.
448
Calculate the greatest common factor of 9494 and 4646.
202
Calculate the greatest common factor of 165 and 20603.
11
What is the greatest common divisor of 204 and 11883?
51
What is the greatest common factor of 22552 and 25?
1
Calculate the greatest common divisor of 43821 and 2592.
81
What is the highest common divisor of 20832 and 124?
124
What is the highest common divisor of 388398 and 114?
114
What is the highest common factor of 4109 and 140?
7
Calculate the greatest common factor of 34345 and 20.
5
Calculate the greatest common factor of 178 and 136793.
89
Calculate the greatest common divisor of 2052 and 2584.
76
Calculate the highest common divisor of 173995 and 55981.
1513
What is the highest common factor of 21 and 751310?
7
What is the highest common factor of 126 and 12492?
18
Calculate the highest common divisor of 260 and 35020.
20
What is the highest common factor of 54131 and 44992?
703
Calculate the greatest common divisor of 6554 and 1450.
58
What is the highest common divisor of 5629774 and 412?
206
What is the highest common divisor of 874 and 5149?
19
Calculate the highest common factor of 1166391 and 342.
171
What is the highest common divisor of 464 and 82766?
58
What is the highest common factor of 1600 and 9550?
50
Calculate the greatest common divisor of 314571 and 94.
47
What is the highest common divisor of 572 and 13871?
143
Calculate the greatest common divisor of 2028 and 816.
12
Calculate the highest common factor of 120 and 18200.
40
Calculate the highest common divisor of 32825 and 6.
1
Calculate the highest common factor of 1764 and 7924.
28
Calculate the highest common factor of 112384 and 80.
16
Calculate the greatest common factor of 165 and 509575.
55
What is the greatest common factor of 293930 and 1482?
494
Calculate the greatest common divisor of 27573 and 1001.
91
Calculate the highest common factor of 293 and 1096.
1
What is the greatest common factor of 953375 and 625?
125
What is the highest common divisor of 7160 and 460?
20
What is the highest common factor of 2624 and 246?
82
What is the greatest common divisor of 8 and 251336?
8
Calculate the highest common factor of 435 and 43500.
435
What is the highest common divisor of 57 and 411?
3
What is the highest common divisor of 533 and 61165?
13
What is the highest common divisor of 30 and 9830?
10
What is the greatest common divisor of 1064 and 212268?
532
Calculate the highest common divisor of 16975 and 1125.
25
What is the greatest common factor of 502832 and 220?
44
What is the greatest common divisor of 74100 and 3135?
285
What is the greatest common divisor of 312076 and 732?
244
What is the highest common factor of 105 and 192195?
15
What is the greatest common divisor of 393962 and 7711?
701
What is the highest common divisor of 1520 and 41920?
80
What is the highest common divisor of 40713 and 19860?
993
Calculate the greatest common factor of 51870 and 1560.
390
Calculate the highest common factor of 80 and 46520.
40
What is the highest common factor of 119 and 46393?
17
Calculate the highest common divisor of 279048 and 42.
42
Calculate the greatest common divisor of 100604 and 56.
28
Calculate the greatest common factor of 406100 and 14725.
775
What is the highest common factor of 1752 and 10366?
146
Calculate the highest common divisor of 8 and 15434.
2
What is the greatest common divisor of 46384 and 28496?
208
Calculate the highest common factor of 96 and 203460.
12
What is the greatest common factor of 76650 and 28350?
1050
What is the greatest common divisor of 180 and 18828?
36
What is the highest common divisor of 28193 and 242?
121
Calculate the highest common divisor of 28518 and 6.
6
Calculate the highest common factor of 1482 and 2177799.
741
What is the highest common divisor of 2989 and 39589?
61
Calculate the greatest common divisor of 749574 and 1134.
1134
What is the highest common divisor of 9524 and 4?
4
Calculate the highest common divisor of 1118945 and 124.
31
Calculate the highest common factor of 9372 and 1122.
66
What is the greatest common factor of 35109 and 3948?
141
Calculate the greatest common factor of 621 and 28911.
69
Calculate the greatest common factor of 10412 and 100.
4
What is the highest common divisor of 363690 and 324?
162
What is the highest common divisor of 2200 and 26275?
25
Calculate the highest common divisor of 3467520 and 2322.
774
Calculate the greatest common divisor of 20200 and 26120.
40
Calculate the greatest common factor of 20097 and 54.
9
What is the highest common divisor of 19750 and 474?
158
What is the highest common divisor of 716220 and 12?
12
Calculate the greatest common factor of 26 and 81146.
26
Calculate the greatest common factor of 7099 and 3893.
229
What is the greatest common factor of 9370648 and 532?
532
Calculate the highest common factor of 709836 and 7748.
596
Calculate the greatest common factor of 266551 and 19.
19
Calculate the highest common divisor of 736 and 2656.
32
What is the greatest common factor of 1606 and 216956?
146
What is the highest common factor of 112 and 6286?
14
What is the highest common divisor of 1792 and 728896?
448
What is the greatest common factor of 28 and 50036?
28
Calculate the highest common divisor of 59878 and 91.
91
Calculate the greatest common factor of 5859 and 85995.
189
Calculate the highest common factor of 15 and 209385.
15
Calculate the greatest common divisor of 19969 and 19.
19
What is the greatest common divisor of 15470 and 125970?
2210
Calculate the highest common factor of 62 and 108066.
62
Calculate the greatest common divisor of 326 and 446294.
326
Calculate the highest common divisor of 1451817 and 459.
459
Calculate the highest common factor of 110 and 79178.
22
What is the greatest common factor of 21 and 1211308?
7
Calculate the greatest common divisor of 3427 and 33787.
23
Calculate the highest common divisor of 8955 and 45.
45
Calculate the highest common factor of 16 and 287936.
16
What is the greatest common factor of 1191461 and 67?
67
What is the highest common divisor of 4 and 121898?
2
Calculate the highest common divisor of 20167 and 2546.
67
Calculate the greatest common factor of 275470 and 7335.
815
What is the greatest common factor of 9648 and 1184?
16
What is the highest common factor of 738 and 442242?
18
What is the highest common divisor of 1624 and 672?
56
Calculate the greatest common factor of 314592 and 1566.
174
Calculate the highest common divisor of 7939 and 255.
17
Calculate the highest common divisor of 14018520 and 24.
24
What is the highest common factor of 102234 and 48?
6
Calculate the highest common factor of 636 and 1692.
12
Calculate the highest common factor of 179 and 658541.
179
What is the greatest common divisor of 8505 and 1260?
315
Calculate the greatest common factor of 594 and 1255419.
297
What is the highest common divisor of 4120 and 6920?
40
Calculate the highest common factor of 7 and 513653.
7
Calculate the greatest common factor of 250 and 734750.
250
What is the highest common divisor of 80 and 246440?
40
What is the greatest common divisor of 6171 and 264?
33
What is the greatest common divisor of 18 and 332622?
18
What is the greatest common factor of 13622 and 13426?
98
Calculate the greatest common factor of 7990 and 39610.
170
Calculate the highe